factors of 4923372.
2, 3, 410281
What are the prime factors of 4816044?
2, 3, 19, 2347
What are the prime factors of 2459717?
13, 431, 439
What are the prime factors of 1127236?
2, 11, 17, 137
List the prime factors of 261028.
2, 65257
What are the prime factors of 4132533?
3, 887, 1553
What are the prime factors of 334614?
2, 3, 7, 31, 257
What are the prime factors of 474547?
474547
List the prime factors of 2938610.
2, 5, 293861
List the prime factors of 2433893.
7, 11, 73, 433
List the prime factors of 4093986.
2, 3, 13, 73, 719
What are the prime factors of 305472?
2, 3, 37, 43
What are the prime factors of 176628?
2, 3, 41, 359
What are the prime factors of 15261273?
3, 1695697
What are the prime factors of 207950?
2, 5, 4159
List the prime factors of 1160281.
23, 61, 827
What are the prime factors of 3744255?
3, 5, 47, 113
List the prime factors of 2927999.
43, 149, 457
List the prime factors of 587054.
2, 13, 67, 337
List the prime factors of 3594951.
3, 399439
What are the prime factors of 2841234?
2, 3, 11, 43049
What are the prime factors of 773220?
2, 3, 5, 7, 263
What are the prime factors of 544996?
2, 19, 71, 101
List the prime factors of 811212.
2, 3, 67601
What are the prime factors of 771518?
2, 11, 35069
What are the prime factors of 21100998?
2, 3, 61, 57653
List the prime factors of 235032.
2, 3, 7, 1399
What are the prime factors of 11974225?
5, 509, 941
What are the prime factors of 2955437?
67, 44111
List the prime factors of 6429857.
7, 23, 39937
List the prime factors of 590587.
563, 1049
What are the prime factors of 2379436?
2, 31, 619
List the prime factors of 6706783.
641, 10463
What are the prime factors of 610196?
2, 79, 1931
What are the prime factors of 890958?
2, 3, 163, 911
What are the prime factors of 6756803?
17, 397459
What are the prime factors of 6314812?
2, 7, 225529
List the prime factors of 3988135.
5, 797627
What are the prime factors of 51251?
53, 967
What are the prime factors of 1096409?
617, 1777
List the prime factors of 16945177.
41, 173, 2389
What are the prime factors of 92772?
2, 3, 859
List the prime factors of 81811.
23, 3557
What are the prime factors of 5306776?
2, 19, 34913
List the prime factors of 2571490.
2, 5, 137, 1877
What are the prime factors of 378563?
83, 4561
What are the prime factors of 723506?
2, 7, 51679
List the prime factors of 1655251.
13, 157, 811
List the prime factors of 533945.
5, 23, 4643
List the prime factors of 1120049.
7, 53, 3019
What are the prime factors of 2772344?
2, 346543
List the prime factors of 444081.
3, 11, 13457
List the prime factors of 323452.
2, 80863
List the prime factors of 3367310.
2, 5, 83, 4057
What are the prime factors of 205989?
3, 7, 17, 577
What are the prime factors of 1808263?
67, 137, 197
List the prime factors of 4518708.
2, 3, 89, 4231
What are the prime factors of 39109903?
7, 5587129
List the prime factors of 216809.
19, 11411
What are the prime factors of 9676036?
2, 137, 17657
List the prime factors of 13946079.
3, 7, 664099
What are the prime factors of 1231987?
1231987
What are the prime factors of 810017?
13, 4793
List the prime factors of 527281.
527281
List the prime factors of 6199285.
5, 619, 2003
List the prime factors of 2688214.
2, 137, 9811
What are the prime factors of 1408254?
2, 3, 79, 2971
List the prime factors of 449091.
3, 16633
What are the prime factors of 1425134?
2, 47, 15161
List the prime factors of 7280505.
3, 5, 17, 31, 307
What are the prime factors of 499969?
499969
What are the prime factors of 12172158?
2, 3, 67, 10093
What are the prime factors of 9450408?
2, 3, 11, 35797
List the prime factors of 4359024.
2, 3, 30271
List the prime factors of 3145757.
47, 66931
What are the prime factors of 3783093?
3, 71, 17761
What are the prime factors of 17579473?
17579473
What are the prime factors of 11552659?
11552659
List the prime factors of 798602.
2, 7, 29, 281
List the prime factors of 150449.
13, 71, 163
What are the prime factors of 424666?
2, 11, 97, 199
List the prime factors of 81726.
2, 3, 53, 257
List the prime factors of 534456.
2, 3, 13, 571
What are the prime factors of 254381?
127, 2003
List the prime factors of 781220.
2, 5, 11, 53, 67
What are the prime factors of 3733729?
3733729
What are the prime factors of 6547363?
17, 385139
What are the prime factors of 1281453?
3, 427151
What are the prime factors of 216205?
5, 11, 3931
What are the prime factors of 2316150?
2, 3, 5, 5147
What are the prime factors of 1428422?
2, 37, 97, 199
List the prime factors of 4221628.
2, 1055407
List the prime factors of 3655304.
2, 37, 53, 233
What are the prime factors of 3499341?
3, 277, 4211
What are the prime factors of 1544501?
7, 17, 12979
List the prime factors of 5320360.
2, 5, 23, 5783
What are the prime factors of 2691862?
2, 1345931
List the prime factors of 83082.
2, 3, 61, 227
List the prime factors of 223789.
31, 7219
List the prime factors of 1783155.
3, 5, 11, 101, 107
List the prime factors of 1401908.
2, 67, 5231
What are the prime factors of 2074299?
3, 691433
What are the prime factors of 2910310?
2, 5, 13, 61, 367
What are the prime factors of 195017?
23, 61, 139
List the prime factors of 4166253.
3, 7, 13, 5087
What are the prime factors of 2244025?
5, 7, 12823
List the prime factors of 3664144.
2, 11, 109, 191
What are the prime factors of 6790341?
3, 2263447
List the prime factors of 1485660.
2, 3, 5, 11, 2251
What are the prime factors of 349240?
2, 5, 8731
What are the prime factors of 280455?
3, 5, 7, 2671
What are the prime factors of 2608707?
3, 41, 127, 167
List the prime factors of 1138550.
2, 5, 7, 3253
What are the prime factors of 8592898?
2, 4296449
What are the prime factors of 476148?
2, 3, 39679
What are the prime factors of 867662?
2, 463, 937
What are the prime factors of 1062939?
3, 354313
List the prime factors of 4362031.
41, 106391
List the prime factors of 361529.
7, 51647
What are the prime factors of 995656?
2, 17, 7321
List the prime factors of 552252.
2, 3, 46021
List the prime factors of 15698972.
2, 23, 170641
List the prime factors of 205600.
2, 5, 257
What are the prime factors of 3024854?
2, 7, 216061
List the prime factors of 551142.
2, 3, 67, 457
What are the prime factors of 136686?
2, 3, 11, 19, 109
List the prime factors of 2105635.
5, 7, 60161
What are the prime factors of 1655958?
2, 3, 29, 31, 307
List the prime factors of 9962438.
2, 101, 149, 331
What are the prime factors of 473218?
2, 236609
List the prime factors of 4387805.
5, 439, 1999
What are the prime factors of 2422241?
2422241
List the prime factors of 2852819.
2852819
What are the prime factors of 191198?
2, 7, 1951
List the prime factors of 537826.
2, 268913
What are the prime factors of 2442909?
3, 7, 116329
What are the prime factors of 15199586?
2, 7599793
List the prime factors of 8471996.
2, 13, 191, 853
What are the prime factors of 379923?
3, 126641
What are the prime factors of 2598802?
2, 53, 24517
List the prime factors of 749776.
2, 46861
What are the prime factors of 34827?
3, 13, 19, 47
List the prime factors of 221504.
2, 3461
What are the prime factors of 8532567?
3, 71, 4451
List the prime factors of 631640.
2, 5, 15791
List the prime factors of 98591.
19, 5189
What are the prime factors of 14914740?
2, 3, 5, 248579
What are the prime factors of 9607428?
2, 3, 103, 2591
List the prime factors of 5171738.
2, 11, 13, 107
What are the prime factors of 530833?
530833
List the prime factors of 6152956.
2, 43, 83, 431
List the prime factors of 918038.
2, 11, 41729
What are the prime factors of 1387697?
937, 1481
List the prime factors of 1090060.
2, 5, 54503
List the prime factors of 3287847.
3, 73, 15013
List the prime factors of 497352.
2, 3, 17, 23, 53
List the prime factors of 1441192.
2, 17, 10597
What are the prime factors of 5068276?
2, 113, 11213
What are the prime factors of 273937?
59, 4643
List the prime factors of 4582382.
2, 7, 19, 23, 107
List the prime factors of 6380489.
643, 9923
List the prime factors of 60722.
2, 97, 313
What are the prime factors of 1249005?
3, 5, 83267
What are the prime factors of 179641?
7, 11, 2333
List the prime factors of 342423.
3, 38047
List the prime factors of 1072113.
3, 7, 19, 2687
List the prime factors of 323106